{"id":121718,"date":"2020-07-12T21:00:17","date_gmt":"2020-07-13T00:00:17","guid":{"rendered":"https:\/\/www.loopian.com.ar\/cursos2020\/?post_type=product&#038;p=121718"},"modified":"2026-03-02T21:34:47","modified_gmt":"2026-03-03T00:34:47","slug":"auxiliar-de-farmacia-old","status":"publish","type":"product","link":"https:\/\/www.loopian.com.ar\/inscripcion\/curso\/auxiliar-de-farmacia-old\/","title":{"rendered":"Auxiliar de Farmacia Ant"},"content":{"rendered":"<h2><strong>Objetivo<\/strong> del curso<\/h2>\n<p>Obtendr\u00e1s las herramientas necesarias para que puedas ocupar este puesto con la mayor eficacia y eficiencia.<\/p>\n<h2><strong>Salida<\/strong> laboral<\/h2>\n<p>Como auxiliar o asistente del profesional farmac\u00e9utico en farmacias dermocosm\u00e9ticas, de expendio de medicamentos u hospitalarias.<\/p>\n<h2><strong>Destinatarios<\/strong> y requisitos<\/h2>\n<p>P\u00fablico general que desee incorporarse a este campo de la salud y\/o profesionales de \u00e1reas relacionadas que quieran profundizar conocimientos. A partir de los 17 a\u00f1os, sin l\u00edmite de edad. Se puede realizar desde una computadora de escritorio\/notebook, Tablet o celular.<\/p>\n<h2><strong>Descripci\u00f3n<\/strong><\/h2>\n<p>Como <strong>Auxiliar de Farmacia<\/strong> ser\u00e1s capaz de participar activamente en la <strong>gesti\u00f3n administrativa<\/strong> y en la <strong>recepci\u00f3n, control, dispensaci\u00f3n y registro de productos farmac\u00e9uticos<\/strong>, bajo la estricta supervisi\u00f3n del profesional farmac\u00e9utico. <strong>Aprender\u00e1s las siguientes actividades:<\/strong><\/p>\n<ul>\n<li>Dispensar de manera adecuada y responsable la medicaci\u00f3n de prescripciones simples para obras sociales, mutuales y prepagas.<\/li>\n<li>Actualizar los datos de los pacientes de la farmacia. La base de datos cumple funciones de marketing y de salud.<\/li>\n<li>Relevar el stock para mantener informado al farmac\u00e9utico sobre el inventario existente de: medicamentos, elementos sanitarios, accesorios, cosm\u00e9ticos, productos para bebes, entre otros.<\/li>\n<li>Verificar el listado de medicamentos y fechas de vencimiento de los que entran en los pedidos realizados y de los que est\u00e1n almacenados.<\/li>\n<li>Gestionar comunicaciones internas y externas, \u00f3rdenes de pedidos, pedidos, recetas, \u00f3rdenes de compra, facturas y remitos de medicamentos recibidos por parte de proveedores.<\/li>\n<li>Potenciar las aptitudes para informar al paciente \u2013 cliente sobre los servicios que ofrece la Farmacia.<\/li>\n<\/ul>\n","protected":false},"excerpt":{"rendered":"<p>Ingresa a trabajar en una farmacia como auxiliar, capac\u00edtate con nuestro curso para ocupar un puesto que tiene una alta demanda de personal.<\/p>\n","protected":false},"featured_media":276192,"comment_status":"closed","ping_status":"closed","template":"","meta":{"_acf_changed":false,"_et_pb_use_builder":"off","_et_pb_old_content":"<h2><strong>Objetivo<\/strong> del curso<\/h2>\r\nObtendr\u00e1s las herramientas necesarias para que puedas ocupar este puesto con la mayor eficacia y eficiencia.\r\n<h2><strong>Salida<\/strong> laboral<\/h2>\r\nComo auxiliar o asistente del profesional farmac\u00e9utico en farmacias dermocosm\u00e9ticas, de expendio de medicamentos u hospitalarias.\r\n<h2><strong>Destinatarios<\/strong> y requisitos<\/h2>\r\nP\u00fablico general que desee incorporarse a este campo de la salud y\/o profesionales de \u00e1reas relacionadas que quieran profundizar conocimientos.\r\n\r\nA partir de los 17 a\u00f1os, sin l\u00edmite de edad. Se puede realizar desde una computadora de escritorio\/notebook, Tablet o celular.\r\n<h2><strong>Descripci\u00f3n<\/strong><\/h2>\r\nComo <strong>Auxiliar de Farmacia<\/strong> ser\u00e1s capaz de participar activamente en la <strong>gesti\u00f3n administrativa<\/strong> y en la <strong>recepci\u00f3n, control, dispensaci\u00f3n y registro de productos farmac\u00e9uticos<\/strong>, bajo la estricta supervisi\u00f3n del profesional farmac\u00e9utico.\r\n\r\n<strong>Aprender\u00e1s las siguientes actividades:<\/strong>\r\n<ul>\r\n \t<li>Dispensar de manera adecuada y responsable la medicaci\u00f3n de prescripciones simples para obras sociales, mutuales y prepagas.<\/li>\r\n \t<li>Actualizar los datos de los pacientes de la farmacia. La base de datos cumple funciones de marketing y de salud.<\/li>\r\n \t<li>Relevar el stock para mantener informado al farmac\u00e9utico sobre el inventario existente de: medicamentos, elementos sanitarios, accesorios, cosm\u00e9ticos, productos para bebes, entre otros.<\/li>\r\n \t<li>Verificar el listado de medicamentos y fechas de vencimiento de los que entran en los pedidos realizados y de los que est\u00e1n almacenados.<\/li>\r\n \t<li>Gestionar comunicaciones internas y externas, \u00f3rdenes de pedidos, pedidos, recetas, \u00f3rdenes de compra, facturas y remitos de medicamentos recibidos por parte de proveedores.<\/li>\r\n \t<li>Potenciar las aptitudes para informar al paciente \u2013 cliente sobre los servicios que ofrece la Farmacia.<\/li>\r\n<\/ul>","_et_gb_content_width":""},"product_brand":[],"product_cat":[285,294,72],"product_tag":[288,287],"class_list":{"0":"post-121718","1":"product","2":"type-product","3":"status-publish","4":"has-post-thumbnail","6":"product_cat-discontinuado","7":"product_cat-m5","8":"product_cat-salud","9":"product_tag-farmaceutico","10":"product_tag-farmacia","12":"first","13":"instock","14":"sold-individually","15":"shipping-taxable","16":"purchasable","17":"product-type-variable","18":"has-default-attributes"},"acf":[],"yoast_head":"<!-- This site is optimized with the Yoast SEO plugin v27.0 - https:\/\/yoast.com\/product\/yoast-seo-wordpress\/ -->\n<title>Auxiliar de Farmacia Ant - Loopian<\/title>\n<meta name=\"robots\" content=\"index, follow, max-snippet:-1, max-image-preview:large, max-video-preview:-1\" \/>\n<link rel=\"canonical\" href=\"https:\/\/www.loopian.com.ar\/inscripcion\/curso\/auxiliar-de-farmacia-old\/\" \/>\n<meta name=\"twitter:label1\" content=\"Tiempo de lectura\" \/>\n\t<meta name=\"twitter:data1\" content=\"2 minutos\" \/>\n<script type=\"application\/ld+json\" class=\"yoast-schema-graph\">{\"@context\":\"https:\/\/schema.org\",\"@graph\":[{\"@type\":\"WebPage\",\"@id\":\"https:\/\/www.loopian.com.ar\/inscripcion\/curso\/auxiliar-de-farmacia-old\/\",\"url\":\"https:\/\/www.loopian.com.ar\/inscripcion\/curso\/auxiliar-de-farmacia-old\/\",\"name\":\"Auxiliar de Farmacia Ant - Loopian\",\"isPartOf\":{\"@id\":\"https:\/\/www.loopian.com.ar\/inscripcion\/#website\"},\"primaryImageOfPage\":{\"@id\":\"https:\/\/www.loopian.com.ar\/inscripcion\/curso\/auxiliar-de-farmacia-old\/#primaryimage\"},\"image\":{\"@id\":\"https:\/\/www.loopian.com.ar\/inscripcion\/curso\/auxiliar-de-farmacia-old\/#primaryimage\"},\"thumbnailUrl\":\"https:\/\/www.loopian.com.ar\/inscripcion\/wp-content\/uploads\/2020\/07\/Auxiliar_Farmacia_300_.jpg\",\"datePublished\":\"2020-07-13T00:00:17+00:00\",\"dateModified\":\"2026-03-03T00:34:47+00:00\",\"breadcrumb\":{\"@id\":\"https:\/\/www.loopian.com.ar\/inscripcion\/curso\/auxiliar-de-farmacia-old\/#breadcrumb\"},\"inLanguage\":\"es\",\"potentialAction\":[{\"@type\":\"ReadAction\",\"target\":[\"https:\/\/www.loopian.com.ar\/inscripcion\/curso\/auxiliar-de-farmacia-old\/\"]}]},{\"@type\":\"ImageObject\",\"inLanguage\":\"es\",\"@id\":\"https:\/\/www.loopian.com.ar\/inscripcion\/curso\/auxiliar-de-farmacia-old\/#primaryimage\",\"url\":\"https:\/\/www.loopian.com.ar\/inscripcion\/wp-content\/uploads\/2020\/07\/Auxiliar_Farmacia_300_.jpg\",\"contentUrl\":\"https:\/\/www.loopian.com.ar\/inscripcion\/wp-content\/uploads\/2020\/07\/Auxiliar_Farmacia_300_.jpg\",\"width\":300,\"height\":300},{\"@type\":\"BreadcrumbList\",\"@id\":\"https:\/\/www.loopian.com.ar\/inscripcion\/curso\/auxiliar-de-farmacia-old\/#breadcrumb\",\"itemListElement\":[{\"@type\":\"ListItem\",\"position\":1,\"name\":\"Portada\",\"item\":\"https:\/\/www.loopian.com.ar\/inscripcion\/\"},{\"@type\":\"ListItem\",\"position\":2,\"name\":\"Tienda\",\"item\":\"https:\/\/www.loopian.com.ar\/inscripcion\/tienda\/\"},{\"@type\":\"ListItem\",\"position\":3,\"name\":\"Auxiliar de Farmacia Ant\"}]},{\"@type\":\"WebSite\",\"@id\":\"https:\/\/www.loopian.com.ar\/inscripcion\/#website\",\"url\":\"https:\/\/www.loopian.com.ar\/inscripcion\/\",\"name\":\"Loopian\",\"description\":\"Cursos a Distancia\",\"publisher\":{\"@id\":\"https:\/\/www.loopian.com.ar\/inscripcion\/#organization\"},\"potentialAction\":[{\"@type\":\"SearchAction\",\"target\":{\"@type\":\"EntryPoint\",\"urlTemplate\":\"https:\/\/www.loopian.com.ar\/inscripcion\/?s={search_term_string}\"},\"query-input\":{\"@type\":\"PropertyValueSpecification\",\"valueRequired\":true,\"valueName\":\"search_term_string\"}}],\"inLanguage\":\"es\"},{\"@type\":\"Organization\",\"@id\":\"https:\/\/www.loopian.com.ar\/inscripcion\/#organization\",\"name\":\"Loopian - Centro de Educaci\u00f3n a Distancia\",\"url\":\"https:\/\/www.loopian.com.ar\/inscripcion\/\",\"logo\":{\"@type\":\"ImageObject\",\"inLanguage\":\"es\",\"@id\":\"https:\/\/www.loopian.com.ar\/inscripcion\/#\/schema\/logo\/image\/\",\"url\":\"https:\/\/www.loopian.com.ar\/cursos\/wp-content\/uploads\/2014\/10\/Logo-300x76-e1415721729336.png\",\"contentUrl\":\"https:\/\/www.loopian.com.ar\/cursos\/wp-content\/uploads\/2014\/10\/Logo-300x76-e1415721729336.png\",\"width\":280,\"height\":71,\"caption\":\"Loopian - Centro de Educaci\u00f3n a Distancia\"},\"image\":{\"@id\":\"https:\/\/www.loopian.com.ar\/inscripcion\/#\/schema\/logo\/image\/\"},\"sameAs\":[\"http:\/\/www.loopian.com.ar\/loopian\"]}]}<\/script>\n<!-- \/ Yoast SEO plugin. -->","yoast_head_json":{"title":"Auxiliar de Farmacia Ant - Loopian","robots":{"index":"index","follow":"follow","max-snippet":"max-snippet:-1","max-image-preview":"max-image-preview:large","max-video-preview":"max-video-preview:-1"},"canonical":"https:\/\/www.loopian.com.ar\/inscripcion\/curso\/auxiliar-de-farmacia-old\/","twitter_misc":{"Tiempo de lectura":"2 minutos"},"schema":{"@context":"https:\/\/schema.org","@graph":[{"@type":"WebPage","@id":"https:\/\/www.loopian.com.ar\/inscripcion\/curso\/auxiliar-de-farmacia-old\/","url":"https:\/\/www.loopian.com.ar\/inscripcion\/curso\/auxiliar-de-farmacia-old\/","name":"Auxiliar de Farmacia Ant - Loopian","isPartOf":{"@id":"https:\/\/www.loopian.com.ar\/inscripcion\/#website"},"primaryImageOfPage":{"@id":"https:\/\/www.loopian.com.ar\/inscripcion\/curso\/auxiliar-de-farmacia-old\/#primaryimage"},"image":{"@id":"https:\/\/www.loopian.com.ar\/inscripcion\/curso\/auxiliar-de-farmacia-old\/#primaryimage"},"thumbnailUrl":"https:\/\/www.loopian.com.ar\/inscripcion\/wp-content\/uploads\/2020\/07\/Auxiliar_Farmacia_300_.jpg","datePublished":"2020-07-13T00:00:17+00:00","dateModified":"2026-03-03T00:34:47+00:00","breadcrumb":{"@id":"https:\/\/www.loopian.com.ar\/inscripcion\/curso\/auxiliar-de-farmacia-old\/#breadcrumb"},"inLanguage":"es","potentialAction":[{"@type":"ReadAction","target":["https:\/\/www.loopian.com.ar\/inscripcion\/curso\/auxiliar-de-farmacia-old\/"]}]},{"@type":"ImageObject","inLanguage":"es","@id":"https:\/\/www.loopian.com.ar\/inscripcion\/curso\/auxiliar-de-farmacia-old\/#primaryimage","url":"https:\/\/www.loopian.com.ar\/inscripcion\/wp-content\/uploads\/2020\/07\/Auxiliar_Farmacia_300_.jpg","contentUrl":"https:\/\/www.loopian.com.ar\/inscripcion\/wp-content\/uploads\/2020\/07\/Auxiliar_Farmacia_300_.jpg","width":300,"height":300},{"@type":"BreadcrumbList","@id":"https:\/\/www.loopian.com.ar\/inscripcion\/curso\/auxiliar-de-farmacia-old\/#breadcrumb","itemListElement":[{"@type":"ListItem","position":1,"name":"Portada","item":"https:\/\/www.loopian.com.ar\/inscripcion\/"},{"@type":"ListItem","position":2,"name":"Tienda","item":"https:\/\/www.loopian.com.ar\/inscripcion\/tienda\/"},{"@type":"ListItem","position":3,"name":"Auxiliar de Farmacia Ant"}]},{"@type":"WebSite","@id":"https:\/\/www.loopian.com.ar\/inscripcion\/#website","url":"https:\/\/www.loopian.com.ar\/inscripcion\/","name":"Loopian","description":"Cursos a Distancia","publisher":{"@id":"https:\/\/www.loopian.com.ar\/inscripcion\/#organization"},"potentialAction":[{"@type":"SearchAction","target":{"@type":"EntryPoint","urlTemplate":"https:\/\/www.loopian.com.ar\/inscripcion\/?s={search_term_string}"},"query-input":{"@type":"PropertyValueSpecification","valueRequired":true,"valueName":"search_term_string"}}],"inLanguage":"es"},{"@type":"Organization","@id":"https:\/\/www.loopian.com.ar\/inscripcion\/#organization","name":"Loopian - Centro de Educaci\u00f3n a Distancia","url":"https:\/\/www.loopian.com.ar\/inscripcion\/","logo":{"@type":"ImageObject","inLanguage":"es","@id":"https:\/\/www.loopian.com.ar\/inscripcion\/#\/schema\/logo\/image\/","url":"https:\/\/www.loopian.com.ar\/cursos\/wp-content\/uploads\/2014\/10\/Logo-300x76-e1415721729336.png","contentUrl":"https:\/\/www.loopian.com.ar\/cursos\/wp-content\/uploads\/2014\/10\/Logo-300x76-e1415721729336.png","width":280,"height":71,"caption":"Loopian - Centro de Educaci\u00f3n a Distancia"},"image":{"@id":"https:\/\/www.loopian.com.ar\/inscripcion\/#\/schema\/logo\/image\/"},"sameAs":["http:\/\/www.loopian.com.ar\/loopian"]}]}},"_links":{"self":[{"href":"https:\/\/www.loopian.com.ar\/inscripcion\/wp-json\/wp\/v2\/product\/121718","targetHints":{"allow":["GET"]}}],"collection":[{"href":"https:\/\/www.loopian.com.ar\/inscripcion\/wp-json\/wp\/v2\/product"}],"about":[{"href":"https:\/\/www.loopian.com.ar\/inscripcion\/wp-json\/wp\/v2\/types\/product"}],"replies":[{"embeddable":true,"href":"https:\/\/www.loopian.com.ar\/inscripcion\/wp-json\/wp\/v2\/comments?post=121718"}],"wp:featuredmedia":[{"embeddable":true,"href":"https:\/\/www.loopian.com.ar\/inscripcion\/wp-json\/wp\/v2\/media\/276192"}],"wp:attachment":[{"href":"https:\/\/www.loopian.com.ar\/inscripcion\/wp-json\/wp\/v2\/media?parent=121718"}],"wp:term":[{"taxonomy":"product_brand","embeddable":true,"href":"https:\/\/www.loopian.com.ar\/inscripcion\/wp-json\/wp\/v2\/product_brand?post=121718"},{"taxonomy":"product_cat","embeddable":true,"href":"https:\/\/www.loopian.com.ar\/inscripcion\/wp-json\/wp\/v2\/product_cat?post=121718"},{"taxonomy":"product_tag","embeddable":true,"href":"https:\/\/www.loopian.com.ar\/inscripcion\/wp-json\/wp\/v2\/product_tag?post=121718"}],"curies":[{"name":"wp","href":"https:\/\/api.w.org\/{rel}","templated":true}]}}