{"id":121726,"date":"2020-09-12T21:19:46","date_gmt":"2020-09-13T00:19:46","guid":{"rendered":"https:\/\/www.loopian.com.ar\/cursos2020\/?post_type=product&#038;p=121726"},"modified":"2026-02-12T11:36:46","modified_gmt":"2026-02-12T14:36:46","slug":"asistente-en-educacion-especial","status":"publish","type":"product","link":"https:\/\/www.loopian.com.ar\/inscripcion\/curso\/asistente-en-educacion-especial\/","title":{"rendered":"Asistente en Educaci\u00f3n Especial"},"content":{"rendered":"<h2><strong>Objetivo<\/strong><\/h2>\n<p>Dise\u00f1ar diversas estrategias que fomenten la autonom\u00eda de la persona con discapacidad en las diferentes \u00e1reas de su vida social.<\/p>\n<h2><strong>Salida laboral<\/strong><\/h2>\n<p>El curso est\u00e1 dirigido a aquellas personas que quieran desarrollar su actividad laboral por cuenta propia, o aspiran al \u00e1mbito de la salud p\u00fablica o privada para trabajar asistiendo a personas con alguna discapacidad. Ya sea en domicilios particulares, geri\u00e1tricos, cl\u00ednicas de recuperaci\u00f3n, centros de d\u00eda, hogares, centros educativos terap\u00e9uticos, talleres laborales, etc.<\/p>\n<h2><strong>Destinatarios y requisitos <\/strong><\/h2>\n<p>P\u00fablico en general que desee incorporarse en esta \u00e1rea. Profesionales y\/o estudiantes de psicomotricidad, kinesi\u00f3logos, pediatras, docentes de nivel inicial, profesores de educaci\u00f3n f\u00edsica, estudiantes de psicolog\u00eda. A partir de los 17 a\u00f1os, podr\u00e1s realizarlo desde una computadora, Tablet o celular conectada\/o a internet.<\/p>\n<h2><strong>Descripci\u00f3n<\/strong><\/h2>\n<p>El <strong>asistente<\/strong> acompa\u00f1ar\u00e1 a la persona con capacidades especiales fomentando la autonom\u00eda e independencia en la medida de sus posibilidades. <strong>Trabajar\u00e1 especialmente sobre el desarrollo, crecimiento e integraci\u00f3n social de la persona a la que asista<\/strong>. Esto facilitar\u00e1 el desarrollo de relaciones fluidas entre la persona con discapacidad y las distintas personas que constituyen su entorno, as\u00ed como tambi\u00e9n, la generaci\u00f3n de nuevas relaciones sociales. Aprender\u00e1s a:<\/p>\n<ul>\n<li>Identificar las caracter\u00edsticas principales de la discapacidad, la normativa que la ampara, el contexto actual en el que debe desenvolverse la persona y los procesos de inclusi\u00f3n.<\/li>\n<li>Dise\u00f1ar diversas estrategias que fomenten la autonom\u00eda de la persona con discapacidad y optimicen su v\u00ednculo con la familia.<\/li>\n<li>Analizar las posibilidades y brindar herramientas para superar la calidad del proceso de formaci\u00f3n de la persona a la que se asiste y el nivel de educaci\u00f3n alcanzado.<\/li>\n<li>Identificar los beneficios de realizar deportes adaptados y aprovechar adecuadamente el tiempo libre.<\/li>\n<li>Desarrollar habilidades para la b\u00fasqueda y selecci\u00f3n de oportunidades laborales.<\/li>\n<li>Identificar las posibilidades del trabajo como asistente en Educaci\u00f3n Especial.<\/li>\n<\/ul>\n","protected":false},"excerpt":{"rendered":"<p>Capacitate para trabajar en la integraci\u00f3n de personas con capacidades especiales en los espacios sociales en los que se desenvuelve, la escuela y el trabajo, entre otros.<\/p>\n","protected":false},"featured_media":287533,"comment_status":"closed","ping_status":"closed","template":"","meta":{"_acf_changed":false,"_et_pb_use_builder":"off","_et_pb_old_content":"","_et_gb_content_width":""},"product_brand":[],"product_cat":[285,73,294,72],"product_tag":[],"class_list":{"0":"post-121726","1":"product","2":"type-product","3":"status-publish","4":"has-post-thumbnail","6":"product_cat-discontinuado","7":"product_cat-educacion","8":"product_cat-m5","9":"product_cat-salud","11":"first","12":"instock","13":"sold-individually","14":"shipping-taxable","15":"purchasable","16":"product-type-variable","17":"has-default-attributes"},"acf":[],"yoast_head":"<!-- This site is optimized with the Yoast SEO plugin v27.0 - https:\/\/yoast.com\/product\/yoast-seo-wordpress\/ -->\n<title>Asistente en Educaci\u00f3n Especial - Loopian<\/title>\n<meta name=\"robots\" content=\"index, follow, max-snippet:-1, max-image-preview:large, max-video-preview:-1\" \/>\n<link rel=\"canonical\" href=\"https:\/\/www.loopian.com.ar\/inscripcion\/curso\/asistente-en-educacion-especial\/\" \/>\n<meta name=\"twitter:label1\" content=\"Tiempo de lectura\" \/>\n\t<meta name=\"twitter:data1\" content=\"2 minutos\" \/>\n<script type=\"application\/ld+json\" class=\"yoast-schema-graph\">{\"@context\":\"https:\/\/schema.org\",\"@graph\":[{\"@type\":\"WebPage\",\"@id\":\"https:\/\/www.loopian.com.ar\/inscripcion\/curso\/asistente-en-educacion-especial\/\",\"url\":\"https:\/\/www.loopian.com.ar\/inscripcion\/curso\/asistente-en-educacion-especial\/\",\"name\":\"Asistente en Educaci\u00f3n Especial - Loopian\",\"isPartOf\":{\"@id\":\"https:\/\/www.loopian.com.ar\/inscripcion\/#website\"},\"primaryImageOfPage\":{\"@id\":\"https:\/\/www.loopian.com.ar\/inscripcion\/curso\/asistente-en-educacion-especial\/#primaryimage\"},\"image\":{\"@id\":\"https:\/\/www.loopian.com.ar\/inscripcion\/curso\/asistente-en-educacion-especial\/#primaryimage\"},\"thumbnailUrl\":\"https:\/\/www.loopian.com.ar\/inscripcion\/wp-content\/uploads\/2020\/09\/Asistente-en-Educacion-Especial.png\",\"datePublished\":\"2020-09-13T00:19:46+00:00\",\"dateModified\":\"2026-02-12T14:36:46+00:00\",\"breadcrumb\":{\"@id\":\"https:\/\/www.loopian.com.ar\/inscripcion\/curso\/asistente-en-educacion-especial\/#breadcrumb\"},\"inLanguage\":\"es\",\"potentialAction\":[{\"@type\":\"ReadAction\",\"target\":[\"https:\/\/www.loopian.com.ar\/inscripcion\/curso\/asistente-en-educacion-especial\/\"]}]},{\"@type\":\"ImageObject\",\"inLanguage\":\"es\",\"@id\":\"https:\/\/www.loopian.com.ar\/inscripcion\/curso\/asistente-en-educacion-especial\/#primaryimage\",\"url\":\"https:\/\/www.loopian.com.ar\/inscripcion\/wp-content\/uploads\/2020\/09\/Asistente-en-Educacion-Especial.png\",\"contentUrl\":\"https:\/\/www.loopian.com.ar\/inscripcion\/wp-content\/uploads\/2020\/09\/Asistente-en-Educacion-Especial.png\",\"width\":600,\"height\":600},{\"@type\":\"BreadcrumbList\",\"@id\":\"https:\/\/www.loopian.com.ar\/inscripcion\/curso\/asistente-en-educacion-especial\/#breadcrumb\",\"itemListElement\":[{\"@type\":\"ListItem\",\"position\":1,\"name\":\"Portada\",\"item\":\"https:\/\/www.loopian.com.ar\/inscripcion\/\"},{\"@type\":\"ListItem\",\"position\":2,\"name\":\"Tienda\",\"item\":\"https:\/\/www.loopian.com.ar\/inscripcion\/tienda\/\"},{\"@type\":\"ListItem\",\"position\":3,\"name\":\"Asistente en Educaci\u00f3n Especial\"}]},{\"@type\":\"WebSite\",\"@id\":\"https:\/\/www.loopian.com.ar\/inscripcion\/#website\",\"url\":\"https:\/\/www.loopian.com.ar\/inscripcion\/\",\"name\":\"Loopian\",\"description\":\"Cursos a Distancia\",\"publisher\":{\"@id\":\"https:\/\/www.loopian.com.ar\/inscripcion\/#organization\"},\"potentialAction\":[{\"@type\":\"SearchAction\",\"target\":{\"@type\":\"EntryPoint\",\"urlTemplate\":\"https:\/\/www.loopian.com.ar\/inscripcion\/?s={search_term_string}\"},\"query-input\":{\"@type\":\"PropertyValueSpecification\",\"valueRequired\":true,\"valueName\":\"search_term_string\"}}],\"inLanguage\":\"es\"},{\"@type\":\"Organization\",\"@id\":\"https:\/\/www.loopian.com.ar\/inscripcion\/#organization\",\"name\":\"Loopian - Centro de Educaci\u00f3n a Distancia\",\"url\":\"https:\/\/www.loopian.com.ar\/inscripcion\/\",\"logo\":{\"@type\":\"ImageObject\",\"inLanguage\":\"es\",\"@id\":\"https:\/\/www.loopian.com.ar\/inscripcion\/#\/schema\/logo\/image\/\",\"url\":\"https:\/\/www.loopian.com.ar\/cursos\/wp-content\/uploads\/2014\/10\/Logo-300x76-e1415721729336.png\",\"contentUrl\":\"https:\/\/www.loopian.com.ar\/cursos\/wp-content\/uploads\/2014\/10\/Logo-300x76-e1415721729336.png\",\"width\":280,\"height\":71,\"caption\":\"Loopian - Centro de Educaci\u00f3n a Distancia\"},\"image\":{\"@id\":\"https:\/\/www.loopian.com.ar\/inscripcion\/#\/schema\/logo\/image\/\"},\"sameAs\":[\"http:\/\/www.loopian.com.ar\/loopian\"]}]}<\/script>\n<!-- \/ Yoast SEO plugin. -->","yoast_head_json":{"title":"Asistente en Educaci\u00f3n Especial - Loopian","robots":{"index":"index","follow":"follow","max-snippet":"max-snippet:-1","max-image-preview":"max-image-preview:large","max-video-preview":"max-video-preview:-1"},"canonical":"https:\/\/www.loopian.com.ar\/inscripcion\/curso\/asistente-en-educacion-especial\/","twitter_misc":{"Tiempo de lectura":"2 minutos"},"schema":{"@context":"https:\/\/schema.org","@graph":[{"@type":"WebPage","@id":"https:\/\/www.loopian.com.ar\/inscripcion\/curso\/asistente-en-educacion-especial\/","url":"https:\/\/www.loopian.com.ar\/inscripcion\/curso\/asistente-en-educacion-especial\/","name":"Asistente en Educaci\u00f3n Especial - Loopian","isPartOf":{"@id":"https:\/\/www.loopian.com.ar\/inscripcion\/#website"},"primaryImageOfPage":{"@id":"https:\/\/www.loopian.com.ar\/inscripcion\/curso\/asistente-en-educacion-especial\/#primaryimage"},"image":{"@id":"https:\/\/www.loopian.com.ar\/inscripcion\/curso\/asistente-en-educacion-especial\/#primaryimage"},"thumbnailUrl":"https:\/\/www.loopian.com.ar\/inscripcion\/wp-content\/uploads\/2020\/09\/Asistente-en-Educacion-Especial.png","datePublished":"2020-09-13T00:19:46+00:00","dateModified":"2026-02-12T14:36:46+00:00","breadcrumb":{"@id":"https:\/\/www.loopian.com.ar\/inscripcion\/curso\/asistente-en-educacion-especial\/#breadcrumb"},"inLanguage":"es","potentialAction":[{"@type":"ReadAction","target":["https:\/\/www.loopian.com.ar\/inscripcion\/curso\/asistente-en-educacion-especial\/"]}]},{"@type":"ImageObject","inLanguage":"es","@id":"https:\/\/www.loopian.com.ar\/inscripcion\/curso\/asistente-en-educacion-especial\/#primaryimage","url":"https:\/\/www.loopian.com.ar\/inscripcion\/wp-content\/uploads\/2020\/09\/Asistente-en-Educacion-Especial.png","contentUrl":"https:\/\/www.loopian.com.ar\/inscripcion\/wp-content\/uploads\/2020\/09\/Asistente-en-Educacion-Especial.png","width":600,"height":600},{"@type":"BreadcrumbList","@id":"https:\/\/www.loopian.com.ar\/inscripcion\/curso\/asistente-en-educacion-especial\/#breadcrumb","itemListElement":[{"@type":"ListItem","position":1,"name":"Portada","item":"https:\/\/www.loopian.com.ar\/inscripcion\/"},{"@type":"ListItem","position":2,"name":"Tienda","item":"https:\/\/www.loopian.com.ar\/inscripcion\/tienda\/"},{"@type":"ListItem","position":3,"name":"Asistente en Educaci\u00f3n Especial"}]},{"@type":"WebSite","@id":"https:\/\/www.loopian.com.ar\/inscripcion\/#website","url":"https:\/\/www.loopian.com.ar\/inscripcion\/","name":"Loopian","description":"Cursos a Distancia","publisher":{"@id":"https:\/\/www.loopian.com.ar\/inscripcion\/#organization"},"potentialAction":[{"@type":"SearchAction","target":{"@type":"EntryPoint","urlTemplate":"https:\/\/www.loopian.com.ar\/inscripcion\/?s={search_term_string}"},"query-input":{"@type":"PropertyValueSpecification","valueRequired":true,"valueName":"search_term_string"}}],"inLanguage":"es"},{"@type":"Organization","@id":"https:\/\/www.loopian.com.ar\/inscripcion\/#organization","name":"Loopian - Centro de Educaci\u00f3n a Distancia","url":"https:\/\/www.loopian.com.ar\/inscripcion\/","logo":{"@type":"ImageObject","inLanguage":"es","@id":"https:\/\/www.loopian.com.ar\/inscripcion\/#\/schema\/logo\/image\/","url":"https:\/\/www.loopian.com.ar\/cursos\/wp-content\/uploads\/2014\/10\/Logo-300x76-e1415721729336.png","contentUrl":"https:\/\/www.loopian.com.ar\/cursos\/wp-content\/uploads\/2014\/10\/Logo-300x76-e1415721729336.png","width":280,"height":71,"caption":"Loopian - Centro de Educaci\u00f3n a Distancia"},"image":{"@id":"https:\/\/www.loopian.com.ar\/inscripcion\/#\/schema\/logo\/image\/"},"sameAs":["http:\/\/www.loopian.com.ar\/loopian"]}]}},"_links":{"self":[{"href":"https:\/\/www.loopian.com.ar\/inscripcion\/wp-json\/wp\/v2\/product\/121726","targetHints":{"allow":["GET"]}}],"collection":[{"href":"https:\/\/www.loopian.com.ar\/inscripcion\/wp-json\/wp\/v2\/product"}],"about":[{"href":"https:\/\/www.loopian.com.ar\/inscripcion\/wp-json\/wp\/v2\/types\/product"}],"replies":[{"embeddable":true,"href":"https:\/\/www.loopian.com.ar\/inscripcion\/wp-json\/wp\/v2\/comments?post=121726"}],"wp:featuredmedia":[{"embeddable":true,"href":"https:\/\/www.loopian.com.ar\/inscripcion\/wp-json\/wp\/v2\/media\/287533"}],"wp:attachment":[{"href":"https:\/\/www.loopian.com.ar\/inscripcion\/wp-json\/wp\/v2\/media?parent=121726"}],"wp:term":[{"taxonomy":"product_brand","embeddable":true,"href":"https:\/\/www.loopian.com.ar\/inscripcion\/wp-json\/wp\/v2\/product_brand?post=121726"},{"taxonomy":"product_cat","embeddable":true,"href":"https:\/\/www.loopian.com.ar\/inscripcion\/wp-json\/wp\/v2\/product_cat?post=121726"},{"taxonomy":"product_tag","embeddable":true,"href":"https:\/\/www.loopian.com.ar\/inscripcion\/wp-json\/wp\/v2\/product_tag?post=121726"}],"curies":[{"name":"wp","href":"https:\/\/api.w.org\/{rel}","templated":true}]}}