{"id":121737,"date":"2020-07-13T15:18:11","date_gmt":"2020-07-13T18:18:11","guid":{"rendered":"https:\/\/www.loopian.com.ar\/cursos2020\/?post_type=product&#038;p=121737"},"modified":"2026-02-12T11:34:08","modified_gmt":"2026-02-12T14:34:08","slug":"auxiliar-de-enfermeria-camillero","status":"publish","type":"product","link":"https:\/\/www.loopian.com.ar\/inscripcion\/curso\/auxiliar-de-enfermeria-camillero\/","title":{"rendered":"Auxiliar de Enfermer\u00eda &#8211; Camillero"},"content":{"rendered":"<h2><strong>Objetivo<\/strong><\/h2>\n<p>Que el estudiante adquiera los conocimientos te\u00f3ricos, pr\u00e1cticos y legales necesarios para realizar de la mejor manera el traslado interno \/externo de los pacientes en las instituciones de salud p\u00fablicas o privadas.<\/p>\n<h2><strong>Salida laboral<\/strong><\/h2>\n<p>Instituciones de salud p\u00fablicas o privadas realizando los procedimientos de ingreso\/egreso de pacientes.<\/p>\n<h2><strong>Destinatarios y requisitos<\/strong><\/h2>\n<p>Todas aquellas personas que quieran desarrollar su actividad laboral en el \u00e1mbito de la salud p\u00fablica o privada. A partir de los 17 a\u00f1os. No son necesarios conocimientos previos. El curso se puede realizar desde una computadora, Tablet o celular.<\/p>\n<h2><strong>Descripci\u00f3n<\/strong><\/h2>\n<p>El requerimiento de camilleros, del cual se vale toda instituci\u00f3n de salud, ha sido una constante desde hace a\u00f1os y es conocida la intensa b\u00fasqueda que realizan cl\u00ednicas y hospitales para dar con ese tipo de personal.<\/p>\n<ul>\n<li>Como camillero podr\u00e1s controlar los signos vitales (peso, talla, temperatura, presi\u00f3n arterial, respiraci\u00f3n, pulso) valorando as\u00ed el estado de los pacientes.<\/li>\n<li>Conocer aspectos te\u00f3ricos, pr\u00e1cticos y legales sobre su rol en el sector salud.<\/li>\n<li>Relacionarte y colaborar con m\u00e9dicos, enfermeras y personal administrativos comunic\u00e1ndote con un lenguaje especializado.<\/li>\n<li>Comprender el funcionamiento de hospitales y cl\u00ednicas<\/li>\n<li>Conocer el cuerpo humano y el proceso de sanaci\u00f3n en el cual debe intervenir.<\/li>\n<\/ul>\n","protected":false},"excerpt":{"rendered":"<p>Adquir\u00ed los conocimientos y herramientas necesarios para aplicar en los procedimientos de ingreso y egreso de pacientes de las instituciones de salud.<\/p>\n","protected":false},"featured_media":287553,"comment_status":"closed","ping_status":"closed","template":"","meta":{"_acf_changed":false,"_et_pb_use_builder":"off","_et_pb_old_content":"El requerimiento de Camilleros del cual se vale la Enfermer\u00eda ha sido una constante desde hace a\u00f1os y es conocida la intensa b\u00fasqueda que realizan cl\u00ednicas y hospitales para dar con ese tipo de Personal. Ahora en Loopian ten\u00e9s la oportunidad de ser vos el elegido y conseguir un puesto laboral.\r\n\r\nC\u00f3mo Camillero podr\u00e1s controlar los signos vitales (peso, talla, temperatura, presi\u00f3n arterial, respiraci\u00f3n, pulso) valorando as\u00ed el estado de los pacientes.\r\n<h2 style=\"margin-bottom: 20px\"><strong>Objetivos<\/strong> del Curso Auxiliar de Enfermer\u00eda - Camillero:<\/h2>\r\n<ul>\r\n \t<li>Conocer aspectos te\u00f3ricos, pr\u00e1cticos y legales sobre su rol en el sector salud.<\/li>\r\n \t<li>Relacionarse y colaborar con M\u00e9dicos, Enfermeras y personal administrativos comunic\u00e1ndose con un lenguaje especializado.<\/li>\r\n \t<li>Comprender el funcionamiento de hospitales y cl\u00ednicas<\/li>\r\n \t<li>Conocer el cuerpo humano y el proceso de sanaci\u00f3n en el cual debe intervenir.<\/li>\r\n<\/ul>\r\nEl curso esta dirigido a aquellas personas que quieran desarrollar su actividad laboral en el \u00e1mbito de la salud p\u00fablica o privada, que quieran ayudar al pr\u00f3jimo en el proceso de sanaci\u00f3n de los pacientes.","_et_gb_content_width":""},"product_brand":[],"product_cat":[285,294,72],"product_tag":[],"class_list":{"0":"post-121737","1":"product","2":"type-product","3":"status-publish","4":"has-post-thumbnail","6":"product_cat-discontinuado","7":"product_cat-m5","8":"product_cat-salud","10":"first","11":"instock","12":"sold-individually","13":"shipping-taxable","14":"purchasable","15":"product-type-variable","16":"has-default-attributes"},"acf":[],"yoast_head":"<!-- This site is optimized with the Yoast SEO plugin v27.0 - https:\/\/yoast.com\/product\/yoast-seo-wordpress\/ -->\n<title>Auxiliar de Enfermer\u00eda - Camillero - Loopian<\/title>\n<meta name=\"robots\" content=\"index, follow, max-snippet:-1, max-image-preview:large, max-video-preview:-1\" \/>\n<link rel=\"canonical\" href=\"https:\/\/www.loopian.com.ar\/inscripcion\/curso\/auxiliar-de-enfermeria-camillero\/\" \/>\n<meta name=\"twitter:label1\" content=\"Tiempo de lectura\" \/>\n\t<meta name=\"twitter:data1\" content=\"2 minutos\" \/>\n<script type=\"application\/ld+json\" class=\"yoast-schema-graph\">{\"@context\":\"https:\/\/schema.org\",\"@graph\":[{\"@type\":\"WebPage\",\"@id\":\"https:\/\/www.loopian.com.ar\/inscripcion\/curso\/auxiliar-de-enfermeria-camillero\/\",\"url\":\"https:\/\/www.loopian.com.ar\/inscripcion\/curso\/auxiliar-de-enfermeria-camillero\/\",\"name\":\"Auxiliar de Enfermer\u00eda - Camillero - Loopian\",\"isPartOf\":{\"@id\":\"https:\/\/www.loopian.com.ar\/inscripcion\/#website\"},\"primaryImageOfPage\":{\"@id\":\"https:\/\/www.loopian.com.ar\/inscripcion\/curso\/auxiliar-de-enfermeria-camillero\/#primaryimage\"},\"image\":{\"@id\":\"https:\/\/www.loopian.com.ar\/inscripcion\/curso\/auxiliar-de-enfermeria-camillero\/#primaryimage\"},\"thumbnailUrl\":\"https:\/\/www.loopian.com.ar\/inscripcion\/wp-content\/uploads\/2020\/07\/Auxiliar-de-Enfermeria-_-Camillero.png\",\"datePublished\":\"2020-07-13T18:18:11+00:00\",\"dateModified\":\"2026-02-12T14:34:08+00:00\",\"breadcrumb\":{\"@id\":\"https:\/\/www.loopian.com.ar\/inscripcion\/curso\/auxiliar-de-enfermeria-camillero\/#breadcrumb\"},\"inLanguage\":\"es\",\"potentialAction\":[{\"@type\":\"ReadAction\",\"target\":[\"https:\/\/www.loopian.com.ar\/inscripcion\/curso\/auxiliar-de-enfermeria-camillero\/\"]}]},{\"@type\":\"ImageObject\",\"inLanguage\":\"es\",\"@id\":\"https:\/\/www.loopian.com.ar\/inscripcion\/curso\/auxiliar-de-enfermeria-camillero\/#primaryimage\",\"url\":\"https:\/\/www.loopian.com.ar\/inscripcion\/wp-content\/uploads\/2020\/07\/Auxiliar-de-Enfermeria-_-Camillero.png\",\"contentUrl\":\"https:\/\/www.loopian.com.ar\/inscripcion\/wp-content\/uploads\/2020\/07\/Auxiliar-de-Enfermeria-_-Camillero.png\",\"width\":600,\"height\":600},{\"@type\":\"BreadcrumbList\",\"@id\":\"https:\/\/www.loopian.com.ar\/inscripcion\/curso\/auxiliar-de-enfermeria-camillero\/#breadcrumb\",\"itemListElement\":[{\"@type\":\"ListItem\",\"position\":1,\"name\":\"Portada\",\"item\":\"https:\/\/www.loopian.com.ar\/inscripcion\/\"},{\"@type\":\"ListItem\",\"position\":2,\"name\":\"Tienda\",\"item\":\"https:\/\/www.loopian.com.ar\/inscripcion\/tienda\/\"},{\"@type\":\"ListItem\",\"position\":3,\"name\":\"Auxiliar de Enfermer\u00eda &#8211; Camillero\"}]},{\"@type\":\"WebSite\",\"@id\":\"https:\/\/www.loopian.com.ar\/inscripcion\/#website\",\"url\":\"https:\/\/www.loopian.com.ar\/inscripcion\/\",\"name\":\"Loopian\",\"description\":\"Cursos a Distancia\",\"publisher\":{\"@id\":\"https:\/\/www.loopian.com.ar\/inscripcion\/#organization\"},\"potentialAction\":[{\"@type\":\"SearchAction\",\"target\":{\"@type\":\"EntryPoint\",\"urlTemplate\":\"https:\/\/www.loopian.com.ar\/inscripcion\/?s={search_term_string}\"},\"query-input\":{\"@type\":\"PropertyValueSpecification\",\"valueRequired\":true,\"valueName\":\"search_term_string\"}}],\"inLanguage\":\"es\"},{\"@type\":\"Organization\",\"@id\":\"https:\/\/www.loopian.com.ar\/inscripcion\/#organization\",\"name\":\"Loopian - Centro de Educaci\u00f3n a Distancia\",\"url\":\"https:\/\/www.loopian.com.ar\/inscripcion\/\",\"logo\":{\"@type\":\"ImageObject\",\"inLanguage\":\"es\",\"@id\":\"https:\/\/www.loopian.com.ar\/inscripcion\/#\/schema\/logo\/image\/\",\"url\":\"https:\/\/www.loopian.com.ar\/cursos\/wp-content\/uploads\/2014\/10\/Logo-300x76-e1415721729336.png\",\"contentUrl\":\"https:\/\/www.loopian.com.ar\/cursos\/wp-content\/uploads\/2014\/10\/Logo-300x76-e1415721729336.png\",\"width\":280,\"height\":71,\"caption\":\"Loopian - Centro de Educaci\u00f3n a Distancia\"},\"image\":{\"@id\":\"https:\/\/www.loopian.com.ar\/inscripcion\/#\/schema\/logo\/image\/\"},\"sameAs\":[\"http:\/\/www.loopian.com.ar\/loopian\"]}]}<\/script>\n<!-- \/ Yoast SEO plugin. -->","yoast_head_json":{"title":"Auxiliar de Enfermer\u00eda - Camillero - Loopian","robots":{"index":"index","follow":"follow","max-snippet":"max-snippet:-1","max-image-preview":"max-image-preview:large","max-video-preview":"max-video-preview:-1"},"canonical":"https:\/\/www.loopian.com.ar\/inscripcion\/curso\/auxiliar-de-enfermeria-camillero\/","twitter_misc":{"Tiempo de lectura":"2 minutos"},"schema":{"@context":"https:\/\/schema.org","@graph":[{"@type":"WebPage","@id":"https:\/\/www.loopian.com.ar\/inscripcion\/curso\/auxiliar-de-enfermeria-camillero\/","url":"https:\/\/www.loopian.com.ar\/inscripcion\/curso\/auxiliar-de-enfermeria-camillero\/","name":"Auxiliar de Enfermer\u00eda - Camillero - Loopian","isPartOf":{"@id":"https:\/\/www.loopian.com.ar\/inscripcion\/#website"},"primaryImageOfPage":{"@id":"https:\/\/www.loopian.com.ar\/inscripcion\/curso\/auxiliar-de-enfermeria-camillero\/#primaryimage"},"image":{"@id":"https:\/\/www.loopian.com.ar\/inscripcion\/curso\/auxiliar-de-enfermeria-camillero\/#primaryimage"},"thumbnailUrl":"https:\/\/www.loopian.com.ar\/inscripcion\/wp-content\/uploads\/2020\/07\/Auxiliar-de-Enfermeria-_-Camillero.png","datePublished":"2020-07-13T18:18:11+00:00","dateModified":"2026-02-12T14:34:08+00:00","breadcrumb":{"@id":"https:\/\/www.loopian.com.ar\/inscripcion\/curso\/auxiliar-de-enfermeria-camillero\/#breadcrumb"},"inLanguage":"es","potentialAction":[{"@type":"ReadAction","target":["https:\/\/www.loopian.com.ar\/inscripcion\/curso\/auxiliar-de-enfermeria-camillero\/"]}]},{"@type":"ImageObject","inLanguage":"es","@id":"https:\/\/www.loopian.com.ar\/inscripcion\/curso\/auxiliar-de-enfermeria-camillero\/#primaryimage","url":"https:\/\/www.loopian.com.ar\/inscripcion\/wp-content\/uploads\/2020\/07\/Auxiliar-de-Enfermeria-_-Camillero.png","contentUrl":"https:\/\/www.loopian.com.ar\/inscripcion\/wp-content\/uploads\/2020\/07\/Auxiliar-de-Enfermeria-_-Camillero.png","width":600,"height":600},{"@type":"BreadcrumbList","@id":"https:\/\/www.loopian.com.ar\/inscripcion\/curso\/auxiliar-de-enfermeria-camillero\/#breadcrumb","itemListElement":[{"@type":"ListItem","position":1,"name":"Portada","item":"https:\/\/www.loopian.com.ar\/inscripcion\/"},{"@type":"ListItem","position":2,"name":"Tienda","item":"https:\/\/www.loopian.com.ar\/inscripcion\/tienda\/"},{"@type":"ListItem","position":3,"name":"Auxiliar de Enfermer\u00eda &#8211; Camillero"}]},{"@type":"WebSite","@id":"https:\/\/www.loopian.com.ar\/inscripcion\/#website","url":"https:\/\/www.loopian.com.ar\/inscripcion\/","name":"Loopian","description":"Cursos a Distancia","publisher":{"@id":"https:\/\/www.loopian.com.ar\/inscripcion\/#organization"},"potentialAction":[{"@type":"SearchAction","target":{"@type":"EntryPoint","urlTemplate":"https:\/\/www.loopian.com.ar\/inscripcion\/?s={search_term_string}"},"query-input":{"@type":"PropertyValueSpecification","valueRequired":true,"valueName":"search_term_string"}}],"inLanguage":"es"},{"@type":"Organization","@id":"https:\/\/www.loopian.com.ar\/inscripcion\/#organization","name":"Loopian - Centro de Educaci\u00f3n a Distancia","url":"https:\/\/www.loopian.com.ar\/inscripcion\/","logo":{"@type":"ImageObject","inLanguage":"es","@id":"https:\/\/www.loopian.com.ar\/inscripcion\/#\/schema\/logo\/image\/","url":"https:\/\/www.loopian.com.ar\/cursos\/wp-content\/uploads\/2014\/10\/Logo-300x76-e1415721729336.png","contentUrl":"https:\/\/www.loopian.com.ar\/cursos\/wp-content\/uploads\/2014\/10\/Logo-300x76-e1415721729336.png","width":280,"height":71,"caption":"Loopian - Centro de Educaci\u00f3n a Distancia"},"image":{"@id":"https:\/\/www.loopian.com.ar\/inscripcion\/#\/schema\/logo\/image\/"},"sameAs":["http:\/\/www.loopian.com.ar\/loopian"]}]}},"_links":{"self":[{"href":"https:\/\/www.loopian.com.ar\/inscripcion\/wp-json\/wp\/v2\/product\/121737","targetHints":{"allow":["GET"]}}],"collection":[{"href":"https:\/\/www.loopian.com.ar\/inscripcion\/wp-json\/wp\/v2\/product"}],"about":[{"href":"https:\/\/www.loopian.com.ar\/inscripcion\/wp-json\/wp\/v2\/types\/product"}],"replies":[{"embeddable":true,"href":"https:\/\/www.loopian.com.ar\/inscripcion\/wp-json\/wp\/v2\/comments?post=121737"}],"wp:featuredmedia":[{"embeddable":true,"href":"https:\/\/www.loopian.com.ar\/inscripcion\/wp-json\/wp\/v2\/media\/287553"}],"wp:attachment":[{"href":"https:\/\/www.loopian.com.ar\/inscripcion\/wp-json\/wp\/v2\/media?parent=121737"}],"wp:term":[{"taxonomy":"product_brand","embeddable":true,"href":"https:\/\/www.loopian.com.ar\/inscripcion\/wp-json\/wp\/v2\/product_brand?post=121737"},{"taxonomy":"product_cat","embeddable":true,"href":"https:\/\/www.loopian.com.ar\/inscripcion\/wp-json\/wp\/v2\/product_cat?post=121737"},{"taxonomy":"product_tag","embeddable":true,"href":"https:\/\/www.loopian.com.ar\/inscripcion\/wp-json\/wp\/v2\/product_tag?post=121737"}],"curies":[{"name":"wp","href":"https:\/\/api.w.org\/{rel}","templated":true}]}}