{"id":121740,"date":"2020-07-13T15:22:30","date_gmt":"2020-07-13T18:22:30","guid":{"rendered":"https:\/\/www.loopian.com.ar\/cursos2020\/?post_type=product&#038;p=121740"},"modified":"2026-02-12T11:34:08","modified_gmt":"2026-02-12T14:34:08","slug":"facturacion-de-prestaciones-medicas","status":"publish","type":"product","link":"https:\/\/www.loopian.com.ar\/inscripcion\/curso\/facturacion-de-prestaciones-medicas\/","title":{"rendered":"Facturaci\u00f3n de Prestaciones M\u00e9dicas"},"content":{"rendered":"<h2><strong>Objetivos<\/strong><\/h2>\n<ul>\n<li>Capacitar en el conocimiento, comprensi\u00f3n, manejo y aplicaci\u00f3n de las modalidades\u00a0de pago de los servicios de atenci\u00f3n de salud y sus respectivos instrumentos, tanto\u00a0para la confecci\u00f3n apropiada de la facturaci\u00f3n como para su auditoria o control.<\/li>\n<li>Reconocer las formas de pago de servicios de atenci\u00f3n de salud que se utilizan\u00a0en la actualidad, en especial las que se aplican en el mercado sanitario\u00a0argentino, las particularidades de su morfolog\u00eda y funcionamiento, y los\u00a0instrumentos necesarios para la facturaci\u00f3n.<\/li>\n<li>Propiciar el trabajo en equipo m\u00e9dico-administrativo, incorporando destrezas\u00a0y habilidades inherentes al conjunto de actividades t\u00e9cnicas que se requieren\u00a0en las \u00e1reas de facturaci\u00f3n y control de facturaci\u00f3n de las instituciones de\u00a0salud.<\/li>\n<li>Estimular el desempe\u00f1o de las actividades relativas a la facturaci\u00f3n y su control\u00a0en un marco de eficiencia y \u00e9tica.<\/li>\n<\/ul>\n<h2><strong>Salida laboral<\/strong><\/h2>\n<p>\u00c1reas administrativas de cl\u00ednicas, consultorios m\u00e9dicos privados, sanatorios, laboratorio bioqu\u00edmico, consultorios odontol\u00f3gicos u otro que necesite gente formada para realizar la correcta facturaci\u00f3n de sus prestaciones.<\/p>\n<h2><strong>Destinatarios y requisitos <\/strong><\/h2>\n<p>P\u00fablico en general interesado en obtener s\u00f3lida capacitaci\u00f3n en esta \u00e1rea de alta demanda laboral. A partir de los 17 a\u00f1os, se puede estudiar desde una computadora, Tablet o celular.<\/p>\n<h2><strong>Descripci\u00f3n <\/strong><\/h2>\n<p>Capacitaci\u00f3n actualizada que permitir\u00e1 adquirir una visi\u00f3n amplia del sistema de salud, operatividad del mismo, instituciones participantes, herramientas que permiten interactuar a los sectores involucrados. Se inicia al alumno en el conocimiento de la facturaci\u00f3n o liquidaci\u00f3n de prestaciones m\u00e9dicas (pr\u00e1cticas m\u00e9dicas ambulatorias, bioqu\u00edmicas, entre otras) y en el uso del Nomenclador Nacional y Programa M\u00e9dico Obligatorio (PMO), como punto de partida para el aprendizaje de los diferentes modelos de facturaci\u00f3n.<\/p>\n<p>El curso le permite al cursante perfeccionarse y\/o actualizarse en los programas de cobertura vigentes. Brinda entrenamiento en la lectura y comprensi\u00f3n de registros m\u00e9dicos y conocimientos te\u00f3ricos de terminolog\u00eda m\u00e9dica. Para esto, durante el curso aprender\u00e1s:<\/p>\n<ul>\n<li>T\u00e9cnicas b\u00e1sicas para la facturaci\u00f3n de prestaciones m\u00e9dicas tanto ambulatorias como de internados y aprender el manejo del Nomenclador Nacional.<\/li>\n<li>Facturaci\u00f3n de prestaciones m\u00e9dicas y sanatoriales.<\/li>\n<li>Perfil y funci\u00f3n del asistente de facturaci\u00f3n, las \u00e1reas que puede ocupar y sus deberes.<\/li>\n<li>Conocimientos elementales sobre terminolog\u00eda m\u00e9dica, nociones b\u00e1sicas de medicina, sistema sanitario, entre otros temas relacionados.<\/li>\n<li>Combinaci\u00f3n de la formaci\u00f3n de conocimientos sanitarios, con instrumentos de gesti\u00f3n administrativa.<\/li>\n<li>Circuitos prestacionales y facturaci\u00f3n sanatorial.<\/li>\n<li>Nomenclador Nacional (NN). Origen. Organizaci\u00f3n. Estructura. Nociones sobre clasificadores. Sistema de Codificaci\u00f3n del NN. Tipos de nomencladores.<\/li>\n<li>Programa M\u00e9dico Obligatorio (PMO) dentro de las prestaciones m\u00e9dicas y en la facturaci\u00f3n. Origen. Concepto, contenidos y su relaci\u00f3n con el NN<\/li>\n<li>Normas utilizadas en la facturaci\u00f3n, codificaci\u00f3n y valorizaci\u00f3n.<\/li>\n<li>Facturaci\u00f3n de pr\u00e1cticas m\u00e9dicas nomencladas y no nomencladas.<\/li>\n<li>La factura desde el punto vista legal y t\u00e9cnico. Documentaci\u00f3n de respaldo de factura.<\/li>\n<li>Definir los programas inform\u00e1ticos y programas m\u00e1s utilizados en la facturaci\u00f3n de prestaciones m\u00e9dicas.<\/li>\n<\/ul>\n","protected":false},"excerpt":{"rendered":"<p>Capacitate para aprender todo los relacionado a la facturaci\u00f3n de prestaciones m\u00e9dicas y de sanatorios para formar parte del \u00e1rea administrativa en Salud.<\/p>\n","protected":false},"featured_media":279226,"comment_status":"closed","ping_status":"closed","template":"","meta":{"_acf_changed":false,"_et_pb_use_builder":"off","_et_pb_old_content":"","_et_gb_content_width":""},"product_brand":[],"product_cat":[285,294,72],"product_tag":[],"class_list":{"0":"post-121740","1":"product","2":"type-product","3":"status-publish","4":"has-post-thumbnail","6":"product_cat-discontinuado","7":"product_cat-m5","8":"product_cat-salud","10":"first","11":"instock","12":"sold-individually","13":"shipping-taxable","14":"purchasable","15":"product-type-variable","16":"has-default-attributes"},"acf":[],"yoast_head":"<!-- This site is optimized with the Yoast SEO plugin v27.0 - https:\/\/yoast.com\/product\/yoast-seo-wordpress\/ -->\n<title>Facturaci\u00f3n de Prestaciones M\u00e9dicas - Loopian<\/title>\n<meta name=\"robots\" content=\"index, follow, max-snippet:-1, max-image-preview:large, max-video-preview:-1\" \/>\n<link rel=\"canonical\" href=\"https:\/\/www.loopian.com.ar\/inscripcion\/curso\/facturacion-de-prestaciones-medicas\/\" \/>\n<meta name=\"twitter:label1\" content=\"Tiempo de lectura\" \/>\n\t<meta name=\"twitter:data1\" content=\"3 minutos\" \/>\n<script type=\"application\/ld+json\" class=\"yoast-schema-graph\">{\"@context\":\"https:\/\/schema.org\",\"@graph\":[{\"@type\":\"WebPage\",\"@id\":\"https:\/\/www.loopian.com.ar\/inscripcion\/curso\/facturacion-de-prestaciones-medicas\/\",\"url\":\"https:\/\/www.loopian.com.ar\/inscripcion\/curso\/facturacion-de-prestaciones-medicas\/\",\"name\":\"Facturaci\u00f3n de Prestaciones M\u00e9dicas - Loopian\",\"isPartOf\":{\"@id\":\"https:\/\/www.loopian.com.ar\/inscripcion\/#website\"},\"primaryImageOfPage\":{\"@id\":\"https:\/\/www.loopian.com.ar\/inscripcion\/curso\/facturacion-de-prestaciones-medicas\/#primaryimage\"},\"image\":{\"@id\":\"https:\/\/www.loopian.com.ar\/inscripcion\/curso\/facturacion-de-prestaciones-medicas\/#primaryimage\"},\"thumbnailUrl\":\"https:\/\/www.loopian.com.ar\/inscripcion\/wp-content\/uploads\/2020\/07\/PrestacionesMedicas_300.jpg\",\"datePublished\":\"2020-07-13T18:22:30+00:00\",\"dateModified\":\"2026-02-12T14:34:08+00:00\",\"breadcrumb\":{\"@id\":\"https:\/\/www.loopian.com.ar\/inscripcion\/curso\/facturacion-de-prestaciones-medicas\/#breadcrumb\"},\"inLanguage\":\"es\",\"potentialAction\":[{\"@type\":\"ReadAction\",\"target\":[\"https:\/\/www.loopian.com.ar\/inscripcion\/curso\/facturacion-de-prestaciones-medicas\/\"]}]},{\"@type\":\"ImageObject\",\"inLanguage\":\"es\",\"@id\":\"https:\/\/www.loopian.com.ar\/inscripcion\/curso\/facturacion-de-prestaciones-medicas\/#primaryimage\",\"url\":\"https:\/\/www.loopian.com.ar\/inscripcion\/wp-content\/uploads\/2020\/07\/PrestacionesMedicas_300.jpg\",\"contentUrl\":\"https:\/\/www.loopian.com.ar\/inscripcion\/wp-content\/uploads\/2020\/07\/PrestacionesMedicas_300.jpg\",\"width\":300,\"height\":300},{\"@type\":\"BreadcrumbList\",\"@id\":\"https:\/\/www.loopian.com.ar\/inscripcion\/curso\/facturacion-de-prestaciones-medicas\/#breadcrumb\",\"itemListElement\":[{\"@type\":\"ListItem\",\"position\":1,\"name\":\"Portada\",\"item\":\"https:\/\/www.loopian.com.ar\/inscripcion\/\"},{\"@type\":\"ListItem\",\"position\":2,\"name\":\"Tienda\",\"item\":\"https:\/\/www.loopian.com.ar\/inscripcion\/tienda\/\"},{\"@type\":\"ListItem\",\"position\":3,\"name\":\"Facturaci\u00f3n de Prestaciones M\u00e9dicas\"}]},{\"@type\":\"WebSite\",\"@id\":\"https:\/\/www.loopian.com.ar\/inscripcion\/#website\",\"url\":\"https:\/\/www.loopian.com.ar\/inscripcion\/\",\"name\":\"Loopian\",\"description\":\"Cursos a Distancia\",\"publisher\":{\"@id\":\"https:\/\/www.loopian.com.ar\/inscripcion\/#organization\"},\"potentialAction\":[{\"@type\":\"SearchAction\",\"target\":{\"@type\":\"EntryPoint\",\"urlTemplate\":\"https:\/\/www.loopian.com.ar\/inscripcion\/?s={search_term_string}\"},\"query-input\":{\"@type\":\"PropertyValueSpecification\",\"valueRequired\":true,\"valueName\":\"search_term_string\"}}],\"inLanguage\":\"es\"},{\"@type\":\"Organization\",\"@id\":\"https:\/\/www.loopian.com.ar\/inscripcion\/#organization\",\"name\":\"Loopian - Centro de Educaci\u00f3n a Distancia\",\"url\":\"https:\/\/www.loopian.com.ar\/inscripcion\/\",\"logo\":{\"@type\":\"ImageObject\",\"inLanguage\":\"es\",\"@id\":\"https:\/\/www.loopian.com.ar\/inscripcion\/#\/schema\/logo\/image\/\",\"url\":\"https:\/\/www.loopian.com.ar\/cursos\/wp-content\/uploads\/2014\/10\/Logo-300x76-e1415721729336.png\",\"contentUrl\":\"https:\/\/www.loopian.com.ar\/cursos\/wp-content\/uploads\/2014\/10\/Logo-300x76-e1415721729336.png\",\"width\":280,\"height\":71,\"caption\":\"Loopian - Centro de Educaci\u00f3n a Distancia\"},\"image\":{\"@id\":\"https:\/\/www.loopian.com.ar\/inscripcion\/#\/schema\/logo\/image\/\"},\"sameAs\":[\"http:\/\/www.loopian.com.ar\/loopian\"]}]}<\/script>\n<!-- \/ Yoast SEO plugin. -->","yoast_head_json":{"title":"Facturaci\u00f3n de Prestaciones M\u00e9dicas - Loopian","robots":{"index":"index","follow":"follow","max-snippet":"max-snippet:-1","max-image-preview":"max-image-preview:large","max-video-preview":"max-video-preview:-1"},"canonical":"https:\/\/www.loopian.com.ar\/inscripcion\/curso\/facturacion-de-prestaciones-medicas\/","twitter_misc":{"Tiempo de lectura":"3 minutos"},"schema":{"@context":"https:\/\/schema.org","@graph":[{"@type":"WebPage","@id":"https:\/\/www.loopian.com.ar\/inscripcion\/curso\/facturacion-de-prestaciones-medicas\/","url":"https:\/\/www.loopian.com.ar\/inscripcion\/curso\/facturacion-de-prestaciones-medicas\/","name":"Facturaci\u00f3n de Prestaciones M\u00e9dicas - Loopian","isPartOf":{"@id":"https:\/\/www.loopian.com.ar\/inscripcion\/#website"},"primaryImageOfPage":{"@id":"https:\/\/www.loopian.com.ar\/inscripcion\/curso\/facturacion-de-prestaciones-medicas\/#primaryimage"},"image":{"@id":"https:\/\/www.loopian.com.ar\/inscripcion\/curso\/facturacion-de-prestaciones-medicas\/#primaryimage"},"thumbnailUrl":"https:\/\/www.loopian.com.ar\/inscripcion\/wp-content\/uploads\/2020\/07\/PrestacionesMedicas_300.jpg","datePublished":"2020-07-13T18:22:30+00:00","dateModified":"2026-02-12T14:34:08+00:00","breadcrumb":{"@id":"https:\/\/www.loopian.com.ar\/inscripcion\/curso\/facturacion-de-prestaciones-medicas\/#breadcrumb"},"inLanguage":"es","potentialAction":[{"@type":"ReadAction","target":["https:\/\/www.loopian.com.ar\/inscripcion\/curso\/facturacion-de-prestaciones-medicas\/"]}]},{"@type":"ImageObject","inLanguage":"es","@id":"https:\/\/www.loopian.com.ar\/inscripcion\/curso\/facturacion-de-prestaciones-medicas\/#primaryimage","url":"https:\/\/www.loopian.com.ar\/inscripcion\/wp-content\/uploads\/2020\/07\/PrestacionesMedicas_300.jpg","contentUrl":"https:\/\/www.loopian.com.ar\/inscripcion\/wp-content\/uploads\/2020\/07\/PrestacionesMedicas_300.jpg","width":300,"height":300},{"@type":"BreadcrumbList","@id":"https:\/\/www.loopian.com.ar\/inscripcion\/curso\/facturacion-de-prestaciones-medicas\/#breadcrumb","itemListElement":[{"@type":"ListItem","position":1,"name":"Portada","item":"https:\/\/www.loopian.com.ar\/inscripcion\/"},{"@type":"ListItem","position":2,"name":"Tienda","item":"https:\/\/www.loopian.com.ar\/inscripcion\/tienda\/"},{"@type":"ListItem","position":3,"name":"Facturaci\u00f3n de Prestaciones M\u00e9dicas"}]},{"@type":"WebSite","@id":"https:\/\/www.loopian.com.ar\/inscripcion\/#website","url":"https:\/\/www.loopian.com.ar\/inscripcion\/","name":"Loopian","description":"Cursos a Distancia","publisher":{"@id":"https:\/\/www.loopian.com.ar\/inscripcion\/#organization"},"potentialAction":[{"@type":"SearchAction","target":{"@type":"EntryPoint","urlTemplate":"https:\/\/www.loopian.com.ar\/inscripcion\/?s={search_term_string}"},"query-input":{"@type":"PropertyValueSpecification","valueRequired":true,"valueName":"search_term_string"}}],"inLanguage":"es"},{"@type":"Organization","@id":"https:\/\/www.loopian.com.ar\/inscripcion\/#organization","name":"Loopian - Centro de Educaci\u00f3n a Distancia","url":"https:\/\/www.loopian.com.ar\/inscripcion\/","logo":{"@type":"ImageObject","inLanguage":"es","@id":"https:\/\/www.loopian.com.ar\/inscripcion\/#\/schema\/logo\/image\/","url":"https:\/\/www.loopian.com.ar\/cursos\/wp-content\/uploads\/2014\/10\/Logo-300x76-e1415721729336.png","contentUrl":"https:\/\/www.loopian.com.ar\/cursos\/wp-content\/uploads\/2014\/10\/Logo-300x76-e1415721729336.png","width":280,"height":71,"caption":"Loopian - Centro de Educaci\u00f3n a Distancia"},"image":{"@id":"https:\/\/www.loopian.com.ar\/inscripcion\/#\/schema\/logo\/image\/"},"sameAs":["http:\/\/www.loopian.com.ar\/loopian"]}]}},"_links":{"self":[{"href":"https:\/\/www.loopian.com.ar\/inscripcion\/wp-json\/wp\/v2\/product\/121740","targetHints":{"allow":["GET"]}}],"collection":[{"href":"https:\/\/www.loopian.com.ar\/inscripcion\/wp-json\/wp\/v2\/product"}],"about":[{"href":"https:\/\/www.loopian.com.ar\/inscripcion\/wp-json\/wp\/v2\/types\/product"}],"replies":[{"embeddable":true,"href":"https:\/\/www.loopian.com.ar\/inscripcion\/wp-json\/wp\/v2\/comments?post=121740"}],"wp:featuredmedia":[{"embeddable":true,"href":"https:\/\/www.loopian.com.ar\/inscripcion\/wp-json\/wp\/v2\/media\/279226"}],"wp:attachment":[{"href":"https:\/\/www.loopian.com.ar\/inscripcion\/wp-json\/wp\/v2\/media?parent=121740"}],"wp:term":[{"taxonomy":"product_brand","embeddable":true,"href":"https:\/\/www.loopian.com.ar\/inscripcion\/wp-json\/wp\/v2\/product_brand?post=121740"},{"taxonomy":"product_cat","embeddable":true,"href":"https:\/\/www.loopian.com.ar\/inscripcion\/wp-json\/wp\/v2\/product_cat?post=121740"},{"taxonomy":"product_tag","embeddable":true,"href":"https:\/\/www.loopian.com.ar\/inscripcion\/wp-json\/wp\/v2\/product_tag?post=121740"}],"curies":[{"name":"wp","href":"https:\/\/api.w.org\/{rel}","templated":true}]}}